{"id":190,"date":"2022-11-16T15:27:04","date_gmt":"2022-11-16T15:27:04","guid":{"rendered":"https:\/\/loehninger-ziiting.ch\/?page_id=190"},"modified":"2022-11-16T15:27:04","modified_gmt":"2022-11-16T15:27:04","slug":"archiv-ausgabe-10","status":"publish","type":"page","link":"https:\/\/loehninger-ziiting.ch\/?page_id=190","title":{"rendered":"Archiv Ausgabe 10"},"content":{"rendered":"<p><strong>Mundart<\/strong><\/p>\n<p>Wenn Sie den Mundarttext nicht verstanden haben, k\u00f6nnen Sie ihn hier nachlesen:<\/p>\n<p>Jetzt im Sommer haben alle heiss, darum erscheint heute ein Text ganz in Mundart, weil euer Hirn sowieso schon kocht. F\u00e4chert euch ein bisschen Luft zu und los gehts. Ich hoffe, es hat nicht viele Schreibfehler, aber Mundart schreiben ist fast noch schwieriger als reden. Und denkt daran, wer zu viel reklamiert, kommt am Schluss selber dran und dann muss man liefern statt lafern.<\/p>\n<p>Am Wochenende waren wir in den Bergen und dort haben wir einem <strong>Chrosli<\/strong> zugeschaut, wie er durch das Kies gekrabelt ist. Habe so \u00fcberlegt, was das wohl mal f\u00fcr ein Lausbube g\u00e4be und was er in seinem Leben wohl noch alles anstellt. Auf der Wanderung haben wir die Blumenpracht am Wegrand bewunderet, welche von ganz vielen Schmetterlingen umschw\u00e4rmt wurde. Sogar L\u00f6wenzahn hatte es. Nach langem abw\u00e4rts Laufen war ich so m\u00fcde, dass ich die letzten Meter nur noch schleppend gegangen bin. Ich will mir gar nicht vorstellen, wie ich mit St\u00f6ckelschuhen gelaufen w\u00e4re. Gut, dass wir ein Restaurant gefunden haben, wo wir eine k\u00fchle Kirschen-Apfel-Schorle schl\u00fcrfen konnten, das war dann auf keinen Fall ein w\u00e4sseriges Getr\u00e4nk. In der Badi haben wir uns die Zeit vertrieben mit Z\u00e4hlen, wie viele K\u00f6pfe wir sehen.<\/p>\n<p>Bei uns im Klettgau wurde bereits fast die ganze Ernte eingebracht worden. Die M\u00e4hdrescher waren bis sp\u00e4t in die Nacht unterwegs. Es ist knochentrocken, Wasserpf\u00fctzen kannst Du diesen Sommer weitherum suchen. Ob es wohl auch an der Trockenheit liegt, dass man fast keinem <strong>H\u00e4rrgotsch\u00e4fer<\/strong> begegnet? Den M\u00fccken macht die W\u00e4rme wohl nicht so viel aus, auf jeden Fall juckt es mich immer wieder irgendwo, wenn ich am Morgen erwache. Und wer mir jetzt nicht sagen kann, was im Raum \u00fcber der Scheune gelagert wird, muss sich nicht sch\u00e4men, auch wenn er kein Zugezogener ist. In diesem Sinn w\u00fcnsche ich euch nicht zu viel heisses Wetter.<\/p>\n<p><em>Quelle: Schaffhauser Mundartw\u00f6rterbuch<br \/>\n<\/em><\/p>\n<p>&nbsp;<\/p>\n","protected":false},"excerpt":{"rendered":"<p>Mundart Wenn Sie den Mundarttext nicht verstanden haben, k\u00f6nnen Sie ihn hier nachlesen: Jetzt im Sommer haben alle heiss, darum erscheint heute ein Text ganz [&#8230;]<\/p>\n","protected":false},"author":1,"featured_media":0,"parent":0,"menu_order":0,"comment_status":"closed","ping_status":"closed","template":"","meta":{"footnotes":""},"class_list":["post-190","page","type-page","status-publish","hentry"],"_links":{"self":[{"href":"https:\/\/loehninger-ziiting.ch\/index.php?rest_route=\/wp\/v2\/pages\/190","targetHints":{"allow":["GET"]}}],"collection":[{"href":"https:\/\/loehninger-ziiting.ch\/index.php?rest_route=\/wp\/v2\/pages"}],"about":[{"href":"https:\/\/loehninger-ziiting.ch\/index.php?rest_route=\/wp\/v2\/types\/page"}],"author":[{"embeddable":true,"href":"https:\/\/loehninger-ziiting.ch\/index.php?rest_route=\/wp\/v2\/users\/1"}],"replies":[{"embeddable":true,"href":"https:\/\/loehninger-ziiting.ch\/index.php?rest_route=%2Fwp%2Fv2%2Fcomments&post=190"}],"version-history":[{"count":1,"href":"https:\/\/loehninger-ziiting.ch\/index.php?rest_route=\/wp\/v2\/pages\/190\/revisions"}],"predecessor-version":[{"id":191,"href":"https:\/\/loehninger-ziiting.ch\/index.php?rest_route=\/wp\/v2\/pages\/190\/revisions\/191"}],"wp:attachment":[{"href":"https:\/\/loehninger-ziiting.ch\/index.php?rest_route=%2Fwp%2Fv2%2Fmedia&parent=190"}],"curies":[{"name":"wp","href":"https:\/\/api.w.org\/{rel}","templated":true}]}}