{"id":22,"date":"2020-07-09T15:49:54","date_gmt":"2020-07-09T15:49:54","guid":{"rendered":"https:\/\/loehninger-ziiting.ch\/?page_id=22"},"modified":"2022-08-11T08:44:41","modified_gmt":"2022-08-11T08:44:41","slug":"finanzierung","status":"publish","type":"page","link":"https:\/\/loehninger-ziiting.ch\/?page_id=22","title":{"rendered":"Finanzierung"},"content":{"rendered":"<p>Um unsere redaktionelle Unabh\u00e4ngigkeit behalten zu k\u00f6nnen, sind wir auf Unterst\u00fctzung aus der Bev\u00f6lkerung angwiesen. Sie k\u00f6nnen uns mit Ihrem Beitrag als G\u00f6nner, Inserent oder Spender zeigen, dass Sie die &#8222;L\u00f6hninger Ziiting&#8220; eine gute Sache finden. Auf unserem Flyer finden Sie alle n\u00f6tigen Informationen.<\/p>\n<p>Wir bedanken uns bei der <a href=\"https:\/\/bsb.clientis.ch\/de\/\">BS Bank Schaffhausen AG<\/a> f\u00fcr ihre grossz\u00fcgige Unterst\u00fctzung.<\/p>\n<p><a href=\"https:\/\/loehninger-ziiting.ch\/wp-content\/uploads\/2022\/08\/Sponsoring.pdf\" target=\"_blank\" rel=\"noopener noreferrer\">Sponsoring<\/a><\/p>\n","protected":false},"excerpt":{"rendered":"<p>Um unsere redaktionelle Unabh\u00e4ngigkeit behalten zu k\u00f6nnen, sind wir auf Unterst\u00fctzung aus der Bev\u00f6lkerung angwiesen. Sie k\u00f6nnen uns mit Ihrem Beitrag als G\u00f6nner, Inserent oder [&#8230;]<\/p>\n","protected":false},"author":1,"featured_media":0,"parent":0,"menu_order":0,"comment_status":"closed","ping_status":"closed","template":"templates\/template-fullwidth.php","meta":{"footnotes":""},"class_list":["post-22","page","type-page","status-publish","hentry"],"_links":{"self":[{"href":"https:\/\/loehninger-ziiting.ch\/index.php?rest_route=\/wp\/v2\/pages\/22","targetHints":{"allow":["GET"]}}],"collection":[{"href":"https:\/\/loehninger-ziiting.ch\/index.php?rest_route=\/wp\/v2\/pages"}],"about":[{"href":"https:\/\/loehninger-ziiting.ch\/index.php?rest_route=\/wp\/v2\/types\/page"}],"author":[{"embeddable":true,"href":"https:\/\/loehninger-ziiting.ch\/index.php?rest_route=\/wp\/v2\/users\/1"}],"replies":[{"embeddable":true,"href":"https:\/\/loehninger-ziiting.ch\/index.php?rest_route=%2Fwp%2Fv2%2Fcomments&post=22"}],"version-history":[{"count":4,"href":"https:\/\/loehninger-ziiting.ch\/index.php?rest_route=\/wp\/v2\/pages\/22\/revisions"}],"predecessor-version":[{"id":183,"href":"https:\/\/loehninger-ziiting.ch\/index.php?rest_route=\/wp\/v2\/pages\/22\/revisions\/183"}],"wp:attachment":[{"href":"https:\/\/loehninger-ziiting.ch\/index.php?rest_route=%2Fwp%2Fv2%2Fmedia&parent=22"}],"curies":[{"name":"wp","href":"https:\/\/api.w.org\/{rel}","templated":true}]}}